3*t + 72*t + 72*t. Let c(f) be the first derivative of f**4/4 - 8*f**3/3 - f**2/2 + 5*f - 2. Let w be c(8). Give z(w).
-2
Let g(n) = -n**2 + 10*n + 5. Let l be ((7 + 2)/9)/(2/16). Determine g(l).
21
Let c be (4 - 12/3)/(-2). Suppose c = -6*v + 8*v + 4. Let y(h) = -h - 14 + 8 + 6. Determine y(v).
2
Suppose 5*c - 5*m = 60, 3*c - 5*m - 28 = -4*m. Let k(g) = -11*g**2 - 14*g - 5. Let u(f) = 4*f**2 + 5*f + 2. Let j(l) = c*u(l) + 3*k(l). Calculate j(1).
-2
Let r(l) = -8 + 6*l - 2*l - 3*l. Let i(p) = -p**3 + 4*p**2 + 46*p + 5. Let m be i(-5). What is r(m)?
-8
Let w be -1 + 8 - ((-11 - 1) + 18). Let u(d) = 7*d**2 - d + 1. Determine u(w).
7
Let j be 3 + -3*4/12. Let a(l) be the second derivative of -1/10*l**5 - l - 1/6*l**3 + 0 + 1/4*l**4 - l**2. Calculate a(j).
-8
Let u(o) = o**2 + 6*o - 5. Let j be u(-7). Let h(l) = 15*l**j + 10 - 23*l**2 + l + 15*l**2 + l**3. What is h(-7)?
3
Suppose 15 = 17*a - 19. Let s(o) = -3*o**2 + o + 6. Let f(r) = -4*r**2 + r + 9. Let b(x) = -5*f(x) + 7*s(x). Calculate b(a).
-3
Let q(a) be the first derivative of a**2/2 + 13*a - 35. Let g(u) = -u**2 + 6*u - 3. Let l be g(7). What is q(l)?
3
Let t(c) = -6*c**3 + c**2 + 3*c - 3. Let g = 7 + -5. Determine t(g).
-41
Let l(t) be the first derivative of -t**2/2 - 7*t + 1. Let p = 486 - 491. What is l(p)?
-2
Let z(r) = 0 + 105*r**3 - 52*r**3 + 12 - 5*r - 7*r**2 - 54*r**3 - 4. What is z(-6)?
2
Let j(t) be the third derivative of -t**7/2520 + t**6/360 - t**5/120 - t**4/24 + 7*t**3/6 + 55*t**2. Let x(d) be the second derivative of j(d). Give x(-2).
-9
Let k = -8 + 12. Suppose 2*b + k*b + 6 = 0. Let y(x) = 2*x**2. Calculate y(b).
2
Suppose 2*t = t + 1. Let f be (-14 + 8)/(t*-2). Suppose f*m - 8 - 10 = 0. Let z(d) = 3*d - 9. Calculate z(m).
9
Let g(i) = -8*i**3 + 3*i**2 + i + 3. Let d(l) = -9*l**3 + 2*l**2 + l + 2. Let s(x) = -3*d(x) + 2*g(x). Suppose -2 = -2*y - 0. Determine s(y).
10
Let r(q) = q**2 - 11*q - 6. Let c be r(11). Let h(d) be the second derivative of -d**4/12 - d**3/3 + 2*d**2 + 10*d + 30. Calculate h(c).
-20
Let n(i) = i**3 + 23*i**2 - 24*i. Let y(k) = -2*k**3 + 6*k**2 + k + 4. Let x be y(4). Let g be n(x). Let b(z) = -z - 10. Determine b(g).
-10
Suppose 0 = 41*z - 32*z + 45. Let y(l) = -l**3 - 5*l**2 + 3*l - 1. Determine y(z).
-16
Let k(t) = -6*t**2 + 7 + 18*t**2 - 6*t**2 - 2*t**2 + 6*t - 3*t**2. Give k(-4).
-1
Let y be (435/348)/((-10)/48). Let l(w) = -5*w + 1 - 1 + 4 - w**2. Calculate l(y).
-2
Suppose -39*g - 90 = 27. Let m(y) = -2*y - 7. Give m(g).
-1
Suppose -o + 1 = 7. Let z(f) be the second derivative of -f**6/720 - f**5/40 - 7*f**4/12 - 3*f. Let c(d) be the third derivative of z(d). What is c(o)?
3
Let w = 1498 - 1499. Let r(k) = k**3 + 1. Give r(w).
0
Let w(s) = s**3 - 5*s**2 - 5*s - 4. Let u be w(6). Suppose -3*k + 1 - 2 = u*c, c = -5*k - 11. Let i(z) = 0*z + c + 2 + z**2 - 5 + 3*z. Calculate i(-4).
5
Let w(l) = -l + 15. Let x be w(12). Suppose x*m - 7 - 13 = s, -m + 5*s = -30. Let f(h) = -h**3 + 4*h**2 + 6*h - 6. Give f(m).
-1
Let a(q) = -4*q + 4 + q + 0 + 4*q. Let u(l) = -l - 1. Let b(p) = -a(p) + 2*u(p). Determine b(-5).
9
Suppose 4*q + 3*r = -3 + 22, 0 = -q + r + 3. Let a(y) = 46*y**2 + 4*y - q - y**3 - 5*y - 43*y**2. Give a(3).
-7
Let f(s) = -21*s - 1. Let j(v) = 4*v. Let p(o) = f(o) + 5*j(o). Let k(t) = 2*t**3 + 2*t**2 - 1. Let i be k(1). Calculate p(i).
-4
Let y(m) = 49 - 13 - 18 - 19 - 2*m. Calculate y(-2).
3
Let k be (-252)/(-70) + (-6)/10. Let l(f) = 2 - k*f - 5 + 7 + 2*f. What is l(3)?
1
Let k(w) be the second derivative of -38*w - 1/12*w**4 + 0 + 7/2*w**2 + 1/3*w**3. Determine k(5).
-8
Let w(o) be the third derivative of o**5/12 - o**4/24 + o**3/3 + 2*o**2 - 51*o. Determine w(1).
6
Let d(n) be the third derivative of -n**2 + 0 - 11/24*n**4 + 1/6*n**3 + 0*n. Suppose 0 = -2*g - 2, -3*z = 5*g + 2 - 0. Give d(z).
-10
Let q(t) = -t + 11. Let s(u) = -u + 13. Let n(z) = -5*q(z) + 4*s(z). Let l(c) = -c + 11. Let v be l(8). Suppose -v*a = -3 - 6. Give n(a).
0
Let j = 19 + -20. Let r = j + 4. Let x = r + -7. Let z(c) = c**2 + 2*c - 1. What is z(x)?
7
Let x(p) be the first derivative of 3*p**2/2 - 2*p - 1. Suppose q = -0*q + 2, -5*q = 3*k + 14. Let f = k - -6. Calculate x(f).
-8
Let s(r) = r**3 + 2*r**2 - 4*r + 1. Let k = 1 - -7. Let d = -11 + k. Calculate s(d).
4
Suppose -320 + 344 = 6*b. Let a(m) be the second derivative of 0 - 1/12*m**b + m**3 + 9*m - 1/2*m**2. What is a(6)?
-1
Let l be (-10)/30 - 8/(-6). Let y(c) = 13*c + 1. What is y(l)?
14
Let g be (0 - 1)*(-1 + -6). Let o(h) be the first derivative of h**2 - 8*h - 4449. Calculate o(g).
6
Let y(t) = t**3 + t**2 + t + 2. Let z(c) = -6*c**3 - 6*c**2 - c - 9. Let d(v) = 5*y(v) + z(v). Suppose h - 22 = -0*h + 5*n, -2*h = -4*n - 14. Calculate d(h).
7
Suppose 5*s + 0*n - 5*n + 5 = 0, s - 14 = -2*n. Let p(u) = -u + 1. Give p(s).
-3
Let f(v) = -v**3 - 2*v**2 - 2*v - 1. Let c(q) = -2*q**3 + 17*q**2 - 12*q + 29. Let s be c(8). What is f(s)?
14
Let x(a) = 2*a**2 - 15*a + 6. Let h(o) = 3*o**2 - 23*o + 9. Let m(q) = -5*h(q) + 8*x(q). Give m(5).
3
Let c(h) = h**3 - 5*h**2 + 4*h - 1. Let t be (1 - 13)*((-666)/72 + 9). Determine c(t).
-7
Let g(h) be the first derivative of -h**3/3 - 9*h**2/2 + h + 33. What is g(-5)?
21
Let j be 0/(-3) - (5 + (-1 - 6)). Let p = 3 + 1. Let y(g) = -2*g**2 - 4 + 4*g**3 - 3*g**3 - 9*g**j + p*g**2 + 5*g. Calculate y(6).
-10
Let a(z) be the first derivative of -3*z**3 - z**2/2 + z - 87. Calculate a(1).
-9
Let r(v) = -5*v - 8. Let k(x) = -3*x - 5. Let c(j) = -8*k(j) + 5*r(j). Suppose 0*g - 12 = -3*g. Suppose -3*f - 1 = -a - 14, g*a + 16 = 3*f. What is c(a)?
1
Let f(b) = -3*b - 45. Let t be f(-14). Let l(d) = 4*d - 2. Let w(x) = x. Let g(a) = -2*l(a) + 11*w(a). Calculate g(t).
-5
Let s(b) be the second derivative of -b**4/12 + 3*b**2/2 + b + 98. Suppose 2*y - y - p = -2, 5*y = -5*p + 40. Calculate s(y).
-6
Suppose -8*t = -4*t - 12. Let z be (-48)/18 + 2/t. Let h(y) = -y**2 - 3*y - 3. Give h(z).
-1
Let g(v) be the third derivative of v**6/120 + 2*v**5/15 + v**4/4 - 5*v**3/6 + 2*v**2 - 41. Suppose -28 = 3*a + a. What is g(a)?
2
Let r = -75 - -78. Let b(o) be the second derivative of 1/6*o**r + 0 - 5/2*o**2 + 1/12*o**4 + 9*o. Calculate b(0).
-5
Let n(t) = t**3 - 5*t**2 + 2*t - 1. Let m = -26 - -27. Let p = 5 + m. Suppose x - p + 1 = 0. Calculate n(x).
9
Suppose 3*h + 2*h - 28 = -3*g, -4*g = -5*h + 56. Let a(c) = -65*c + 130*c - 67*c - h. What is a(-6)?
4
Let w(v) be the first derivative of -3 + 1/3*v**3 - 4*v + 3*v**2. Let f be -5 - -4 - (8 - 6). Determine w(f).
-13
Suppose 3*b + 4*y + 3 = 11, 8 = 4*y. Suppose b*f - 3*f - 5 = -k, -5*k - 26 = 2*f. Let w(r) = -r - 2. Determine w(k).
2
Let l(b) = 2*b**3 + 4*b**2 - 11*b + 49. Let x(h) = -h**3 - 2*h**2 + 6*h - 27. Let u(c) = 6*l(c) + 11*x(c). Calculate u(-3).
-12
Let n(r) = 2*r**2 - 7*r - 3. Suppose -z + 4*f + 19 = 3, 3*z - 27 = 5*f. Let l be n(z). Let c(x) = 23*x**2. Give c(l).
23
Let b(v) = -2*v - 3. Let l(i) = 3*i + 31. Let d(r) = -6*b(r) - 2*l(r). Calculate d(6).
-8
Let h be 2/4 + 26/(-4). Let q(f) = -5*f**2 + 8. Let y(x) = 4*x**2 + x - 7. Let v(j) = 3*q(j) + 4*y(j). Determine v(h).
8
Let s be (-5)/3 + 2/(-6). Suppose -r + 10*r - 18 = 0. Let v(a) = -3*a**2 + a + 5. Let h(u) = -3*u**2 + 2*u + 7. Let q(p) = r*h(p) - 3*v(p). Give q(s).
9
Suppose -18*c - 9 = 117. Let n(m) = m + m**2 + 9 + 5*m + m. Determine n(c).
9
Let o be 6/(4/(-24)*28 + 4). Let j(k) = k**2 + 10*k + 9. Determine j(o).
0
Let k = 10 - 4. Let i(q) = -k - q + 0*q - 2*q - 2*q. Let b(g) = -g**2 - 6*g - 7. Let t(l) = -5*b(l) + 6*i(l). Calculate t(1).
4
Let i(f) be the second derivative of f**4/12 - f**3/2 - 5*f**2/2 - 3*f + 52. Let x(r) = -r**2 + 6*r. Let l be x(5). Calculate i(l).
5
Let s(t) be the first derivative of t**2/2 - 14. Let i(k) = k**3 + 3*k**2 + 4*k + 3. Let n be i(-2). Calculate s(n).
-1
Let c be (-295)/(-118)*(1 - -1). Let y(p) be the first derivative of -1/3*p**3 + 8*p + c + 3*p**2. What is y(6)?
8
Suppose -5*b = 11 + 39. Let s = b + 14. Suppose -r - s = -2*r. Let i(x) = -x**2 + 2*x + 5. Give i(r).
-3
Let n(a) = -11*a + 2*a + 16 - 4 - 735*a**2 + 734*a**2. What is n(-10)?
2
Let q(y) = y**2 + 3*y + 4. Let z = 1111 - 1114. Give q(z).
4
Let c(p) = -3*p. Let z be 2 - ((-182)/(-42) - 1/3). Determine c(z).
6
Let a(y) = y**3 - y**2 - 5*y + 3. Let j be a(3). Let p(t) = 2*t. Let g be